. What is the units digit of n?
9
Let o(n) = -n**3 + 12*n**2 - 5*n - 4. Let k be o(8). Suppose 0 = 2*p - k + 26. What is the tens digit of p?
9
Suppose -11 = -3*c + 4*j, -5*c - 5*j = -4*c + 28. Let h be (4 - 2 - -6) + c. Suppose -12 + 67 = h*x. What is the tens digit of x?
1
Let s(w) = 15*w**2 - 3*w + 8. Let a be s(4). Suppose 6*z = 2*z + a. What is the tens digit of z?
5
What is the tens digit of -6 + 3 - -730 - 2?
2
Let z = 211 - 127. Suppose 3*w = 5*w + z. What is the units digit of w/(-2) - (-15)/5?
4
Suppose 8*i + 6 = 934. What is the hundreds digit of i?
1
Let r = 3338 + -2378. Suppose 4*c - r = -2*c. What is the tens digit of c?
6
Let b = 41 - 53. What is the tens digit of 8/b - (376/(-6) + -1)?
6
Let y be -1 + -2*(-6)/12. Suppose -n + 4*l + 244 = y, -n + 2*l = -122 - 116. What is the hundreds digit of n?
2
Let y(t) be the first derivative of -t**4/4 + 2*t**3/3 + t**2 + 36*t + 15. What is the units digit of y(0)?
6
Let a = -466 + 573. What is the tens digit of a?
0
Let b(u) be the second derivative of 5*u**3/6 + 10*u**2 + 6*u. What is the tens digit of b(7)?
5
Suppose -5*z + 0*a + 5 = 3*a, -5*z + 30 = -2*a. Suppose -81 = -4*j - 0*j + 5*v, -3*j = z*v - 53. What is the tens digit of j?
1
What is the thousands digit of 3/6 - ((-39417)/14 + 0)?
2
Let o = -4 - -15. Let n(i) = i**3 - 10*i**2 - 11*i + 6. Let y be n(o). Let p(x) = x**3 - 3*x**2 - 10*x + 9. What is the tens digit of p(y)?
5
Suppose 0 = 6*s - s - 135. What is the units digit of s/(-9) - (1 - 49)?
5
What is the hundreds digit of (-45)/(-270)*(0 + 21342)?
5
Suppose 5*r - 608 = 272. What is the units digit of r?
6
Let j(z) = z - 1. Let x be j(-4). Let f be x/(-35) + (-342)/(-7). Suppose -f = -t + 9. What is the tens digit of t?
5
Let v(k) = k**2 - 2*k - 9. Let f be v(7). Suppose -3*c + 73 = -f. What is the units digit of c?
3
Let m(b) = 24*b - 23. What is the units digit of m(16)?
1
Let y be (-2)/3*(-9 + 6). Let m = -6 + y. What is the units digit of (14/6)/(m/(-48))?
8
Let p be 10*3/(2 - -1). Suppose p = h + 2. What is the units digit of 14*((-12)/h + 2)?
7
Let h be (-31 + -1 - 2)/(-2). Let q = h + -15. Suppose q*t - 2 = t. What is the units digit of t?
2
Suppose -4*f - 69 = -x, 191 = 3*x - 2*f - 2*f. Let q be -3*3*((-130)/(-15) - 5). Let b = x + q. What is the tens digit of b?
2
Let r(f) = -40*f - 20. Let p = 94 + -99. What is the tens digit of r(p)?
8
Suppose 35 = 3*z + 8. Let c = 19 - 16. Suppose -z = -4*w + c*w. What is the units digit of w?
9
Let j(t) = -t**2 + 9*t - 3. Let m be j(8). Suppose q = 4*w - 4*q - 2, -14 = 2*w + m*q. What is the tens digit of (-3 - -2) + 32 + w?
2
Suppose 4*k = -n - 209 + 562, n - 365 = 2*k. What is the units digit of n?
1
Let u(y) be the second derivative of -y**7/2520 + y**6/90 - y**5/30 - y**4/3 + 2*y. Let t(f) be the third derivative of u(f). What is the units digit of t(7)?
3
Let m be (-2 - -1)*-1075 - (-4)/2. Suppose -y + 227 = -4*s, 4*s + 42 = 5*y - m. What is the tens digit of y?
2
Let p = 743 + -498. What is the tens digit of p?
4
Let r be (-10)/35 - (-32)/14. Suppose 0 = -z - r*z + 3*f + 3, 3*z + 5*f - 19 = 0. Suppose -z*k = -4*b + 110, b = -0*b + k + 28. What is the units digit of b?
6
Let w(d) = 9*d - 1. Let i be w(1). Let x = i + -8. Suppose 2*r - r - 38 = 5*k, x = -3*r + 5*k + 64. What is the tens digit of r?
1
Suppose 0 = -9*i + 858 + 1653. What is the tens digit of i?
7
Let h(x) = -x**2 - 4*x + 2. Let z be h(-4). Suppose z*s + 1 = 9. Suppose -s*l + 7*l = -3*i, 5*i + 25 = 0. What is the units digit of l?
5
Let a(h) = 7*h + 13. Let j(p) = 15*p + 25. Let c(o) = -11*a(o) + 6*j(o). What is the units digit of c(4)?
9
Suppose 2 - 4 = 2*j. Let c(t) = -t**2 - t. Let l(k) = k**3 - 9*k**2 + 4*k - 3. Let h(o) = j*l(o) + 2*c(o). What is the units digit of h(4)?
7
Let p(l) = l**2 + 11*l - 5 - 2*l - 3 - 2. Suppose -22*q = -20*q + 30. What is the units digit of p(q)?
0
Let m(l) = -243*l**3 + 3*l**2 + 4*l - 1. What is the units digit of m(-2)?
7
Let i = -1124 + 1809. What is the hundreds digit of i?
6
Let k = -265 - -311. Let n(f) = f**3 - 3*f**2 + 3*f - 4. Let i be n(6). Suppose i = 4*c + k. What is the units digit of c?
9
Let v = 1772 - 673. What is the thousands digit of v?
1
Suppose a = 3*a + 2, 0 = 3*k - 2*a - 14. Let z be 5*2/(k - 2). Suppose 4*o - 24 = z*m + 34, 4*o - m - 66 = 0. What is the units digit of o?
7
Suppose -3*n + 129 = 3*l, 0*l - 5*n = -2*l + 100. Suppose 3*z = -5*f + 131, 4*f - 104 = 3*z - 5*z. Let m = l - f. What is the tens digit of m?
2
What is the hundreds digit of ((-180)/(-24))/(-6*(-1)/1396)?
7
What is the tens digit of 1 - 1 - (-103 - -10)?
9
Let x = -91 - -92. What is the units digit of (-261)/(-18)*(-3 + 17/x)?
3
Suppose j - 5466 = 11*t - 16*t, j - 4*t = 5493. What is the tens digit of j?
8
Suppose 31*l - 6395 - 6191 = 0. What is the units digit of l?
6
Let j = -5882 + 9632. What is the units digit of j?
0
Let p = -2 - -9. Let c(h) be the third derivative of 5*h**4/24 - 3*h**3/2 - h**2 + h. What is the tens digit of c(p)?
2
Let v(z) = -z**3 + z**2 + 12*z + 140. What is the tens digit of v(0)?
4
Let s = -696 - -692. Suppose -5*y + 4*b + 16 = -y, 5*b = -5. What is the units digit of (s/10)/(y/(-30))?
4
Let j = 195 + 199. What is the tens digit of j?
9
Suppose 0*i + 4 = -4*f - i, 2 = -3*f - i. Let x be f/(111/117 + -1). What is the tens digit of 6/x - 206/(-13)?
1
Let d = 24 + -29. Let b(k) = -k - 3. Let w be b(d). Suppose -2*u + 57 = -5*h, -2*u + 189 = w*u + 5*h. What is the tens digit of u?
4
Suppose 0 = z + r - 4, 0 = 2*z - 0*z - 2*r - 12. Suppose 0 = 5*p - 10, 0 = -z*d - p + 3*p + 301. What is the units digit of d?
1
Let t = -5 + 5. Let f be 2/6 - (-2)/(-6). Suppose f = x - t*x - 6. What is the units digit of x?
6
Suppose -c - 2*g + 801 = 0, -4*c + 0*g = 3*g - 3189. What is the units digit of c?
5
Let j(f) = 328*f - 272. What is the hundreds digit of j(9)?
6
Let y(w) = 173*w**3 - 2*w**2 - w. Let n be y(-1). Suppose 2*g = 5*p - 3 - 8, -g = p + 2. What is the units digit of g*2/18*n?
8
Suppose 116 = u + 38. Let n = u - -52. Let d = 198 - n. What is the units digit of d?
8
Let o(m) = m**3 + m**2 + m. Let v(h) = -3*h**3 - 4*h**2 - 8*h - 1. Let q(p) = -2*o(p) - v(p). What is the tens digit of q(3)?
6
Let h(n) = -14*n + 39. Let j be h(-20). Let z = j - 219. What is the tens digit of z?
0
Let q be (2/(-5))/((-2)/10). Suppose 0 = -4*u + q*n - 15 + 269, -5*u - 4*n = -285. What is the units digit of u?
1
Let u be 3/(-1) + (-27)/1. What is the tens digit of 116/6*u/(-20)?
2
Suppose -36*k + 162906 = 21*k. What is the hundreds digit of k?
8
Let c(a) = -a**3 - 6*a**2 - 5*a - 4. Let g be (-8)/(-20) - 88/20. Let l be c(g). Let k = l - -68. What is the units digit of k?
2
Suppose -3*z + 5*w = -11, z + 0*z = -3*w - 1. Suppose 0*v + 3*j = 4*v - 108, 2*j - 40 = -z*v. What is the tens digit of v?
2
Let p(h) = 2*h. Let o(v) = -v + 1. Let c(x) = 3*o(x) + 4*p(x). What is the tens digit of c(2)?
1
Let k(f) = 342*f + 260. What is the tens digit of k(12)?
6
Let v = -526 - -1007. What is the tens digit of v?
8
Let x be 8/16*2*3. Suppose 52 = n - x*k, 4*n - 118 - 38 = -k. What is the tens digit of n?
4
Let q = 375 - 965. What is the tens digit of -1 - 2/4*q?
9
Let i = -179 + 378. What is the tens digit of i?
9
Let y be (-39)/(-12) - (-1)/(-4). Let p(x) = 1. Let n(f) = -2*f**2 + 2*f - 14. Let z(w) = -n(w) - 12*p(w). What is the units digit of z(y)?
4
What is the hundreds digit of 16 + -8 - 11/(11/(-5385))?
3
Suppose -2*p = 3*p + 110. Let r(j) = -j**2 + 12*j - 1. Let y be r(12). Let z = y - p. What is the units digit of z?
1
Let d(y) be the second derivative of 19*y**4/2 - y**3/6 - y**2 + 11*y. What is the hundreds digit of d(-1)?
1
Let v(c) = 351*c**2 - 3*c + 2. What is the tens digit of v(1)?
5
What is the units digit of (-261)/(-1)*((-20)/(-15))/4?
7
What is the units digit of (-8537)/(-5) - (1 + (-39)/65)?
7
Suppose -18*b = -4*b - 3528. What is the units digit of b?
2
Let g(a) = 1362*a + 30. What is the units digit of g(2)?
4
Let c = -31 + 115. Let y = 184 - c. What is the units digit of y?
0
Let q = -296 - -299. Let c(s) be the first derivative of 3*s**2/2 - 3*s + 1. What is the units digit of c(q)?
6
Suppose 2*r - 7*r + 963 = -h, 0 = 5*h + 15. Suppose r = -3*g + 7*g. What is the tens digit of g?
4
Let d be (0/7)/(0 + 1). Suppose 5*g - 6 -